en 123305 is divided by 389.
381
Calculate the remainder when 291513 is divided by 233.
30
What is the remainder when 630536 is divided by 71?
56
What is the remainder when 1471 is divided by 274?
101
What is the remainder when 1276 is divided by 425?
1
Calculate the remainder when 234045 is divided by 69.
66
What is the remainder when 6452 is divided by 99?
17
What is the remainder when 8439 is divided by 27?
15
What is the remainder when 597205 is divided by 199066?
7
What is the remainder when 204760 is divided by 165?
160
Calculate the remainder when 6690 is divided by 181.
174
Calculate the remainder when 31275 is divided by 491.
342
What is the remainder when 499119 is divided by 340?
339
Calculate the remainder when 5164 is divided by 356.
180
Calculate the remainder when 2330 is divided by 21.
20
What is the remainder when 20293 is divided by 406?
399
What is the remainder when 27207 is divided by 1802?
177
What is the remainder when 7715 is divided by 3394?
927
Calculate the remainder when 47356 is divided by 29.
28
Calculate the remainder when 27921 is divided by 13.
10
Calculate the remainder when 925 is divided by 613.
312
What is the remainder when 349 is divided by 111?
16
Calculate the remainder when 11726 is divided by 186.
8
What is the remainder when 70611 is divided by 983?
818
Calculate the remainder when 3187 is divided by 527.
25
Calculate the remainder when 90924 is divided by 8.
4
Calculate the remainder when 1207 is divided by 421.
365
Calculate the remainder when 5381 is divided by 200.
181
Calculate the remainder when 12831 is divided by 1149.
192
What is the remainder when 2045 is divided by 64?
61
What is the remainder when 1088 is divided by 125?
88
Calculate the remainder when 18113 is divided by 726.
689
Calculate the remainder when 59985 is divided by 632.
577
Calculate the remainder when 3863 is divided by 1278.
29
What is the remainder when 419026 is divided by 68?
10
Calculate the remainder when 479821 is divided by 41.
39
Calculate the remainder when 406736 is divided by 43.
42
What is the remainder when 5894 is divided by 53?
11
Calculate the remainder when 13961 is divided by 2630.
811
What is the remainder when 6844 is divided by 850?
44
What is the remainder when 22182 is divided by 22?
6
What is the remainder when 32178 is divided by 10723?
9
Calculate the remainder when 3859 is divided by 11.
9
Calculate the remainder when 14064 is divided by 706.
650
Calculate the remainder when 11914 is divided by 3949.
67
What is the remainder when 342281 is divided by 56?
9
Calculate the remainder when 54252 is divided by 32.
12
Calculate the remainder when 5610 is divided by 244.
242
What is the remainder when 261032 is divided by 87009?
5
What is the remainder when 890990 is divided by 178197?
5
What is the remainder when 6128 is divided by 554?
34
What is the remainder when 35156 is divided by 1405?
31
What is the remainder when 38816 is divided by 2282?
22
Calculate the remainder when 541747 is divided by 668.
667
Calculate the remainder when 13752 is divided by 59.
5
Calculate the remainder when 10450 is divided by 170.
80
What is the remainder when 165186 is divided by 195?
21
What is the remainder when 367125 is divided by 77?
66
What is the remainder when 1221 is divided by 168?
45
What is the remainder when 209004 is divided by 106?
78
What is the remainder when 16756 is divided by 3340?
56
What is the remainder when 3440 is divided by 31?
30
Calculate the remainder when 6656 is divided by 3322.
12
What is the remainder when 43661 is divided by 151?
22
Calculate the remainder when 2704 is divided by 116.
36
What is the remainder when 133081 is divided by 93?
91
What is the remainder when 138803 is divided by 17347?
27
What is the remainder when 7769 is divided by 193?
49
Calculate the remainder when 46354 is divided by 9.
4
What is the remainder when 46815 is divided by 5201?
6
What is the remainder when 115239 is divided by 65?
59
Calculate the remainder when 379223 is divided by 552.
551
Calculate the remainder when 1829 is divided by 113.
21
Calculate the remainder when 1126354 is divided by 483.
481
What is the remainder when 23168 is divided by 222?
80
Calculate the remainder when 10654 is divided by 1365.
1099
Calculate the remainder when 3648 is divided by 55.
18
What is the remainder when 3258719 is divided by 72?
71
Calculate the remainder when 5122 is divided by 2532.
58
Calculate the remainder when 698893 is divided by 260.
13
What is the remainder when 12610 is divided by 407?
400
Calculate the remainder when 8252 is divided by 625.
127
What is the remainder when 176008 is divided by 7648?
104
Calculate the remainder when 15037 is divided by 53.
38
What is the remainder when 2057 is divided by 407?
22
What is the remainder when 216443 is divided by 1170?
1163
What is the remainder when 652 is divided by 428?
224
Calculate the remainder when 14266 is divided by 266.
168
Calculate the remainder when 930061 is divided by 31.
30
Calculate the remainder when 910 is divided by 434.
42
What is the remainder when 7479 is divided by 214?
203
What is the remainder when 1920 is divided by 1891?
29
What is the remainder when 725357 is divided by 159?
158
What is the remainder when 3405 is divided by 725?
505
What is the remainder when 1307 is divided by 93?
5
What is the remainder when 99578 is divided by 49785?
8
What is the remainder when 129665 is divided by 30?
5
What is the remainder when 45197 is divided by 50?
47
Calculate the remainder when 4830423 is divided by 296.
295
What is the remainder when 1507 is divided by 107?
9
Calculate the remainder when 1268923 is divided by 576.
571
What is the remainder when 111784 is divided by 2483?
49
Calculate the remainder when 198146 is divided by 59.
24
Calculate the remainder when 693 is divided by 72.
45
What is the remainder when 75631 is divided by 425?
406
Calculate the remainder when 98705 is divided by 24632.
177
Calculate the remainder when 311095 is divided by 1874.
11
Calculate the remainder when 125394 is divided by 398.
24
What is the remainder when 1949499 is divided by 125?
124
Calculate the remainder when 47696 is divided by 973.
19
What is the remainder when 1246845 is divided by 17?
14
Calculate the remainder when 63082 is divided by 21027.
1
What is the remainder when 160089 is divided by 6?
3
What is the remainder when 265 is divided by 252?
13
What is the remainder when 59575 is divided by 331?
326
Calculate the remainder when 22258 is divided by 140.
138
What is the remainder when 1030 is divided by 19?
4
What is the remainder when 211642 is divided by 211609?
33
Calculate the remainder when 15809423 is divided by 24.
23
What is the remainder when 797422 is divided by 48?
46
Calculate the remainder when 30193 is divided by 15093.
7
What is the remainder when 55728 is divided by 4286?
10
What is the remainder when 68338 is divided by 510?
508
Calculate the remainder when 98550 is divided by 40.
30
What is the remainder when 20929 is divided by 697?
19
Calculate the remainder when 6030 is divided by 3008.
14
Calculate the remainder when 9766739 is divided by 60.
59
Calculate the remainder when 23033 is divided by 35.
3
What is the remainder when 22457 is divided by 607?
605
Calculate the remainder when 43413 is divided by 17.
12
Calculate the remainder when 13135 is divided by 188.
163
Calculate the remainder when 14810 is divided by 2953.
45
What is the remainder when 9535 is divided by 147?
127
What is the remainder when 4491 is divided by 812?
431
Calculate the remainder when 10777 is divided by 2139.
82
What is the remainder when 4636 is divided by 76?
0
Calculate the remainder when 1125 is divided by 298.
231
What is the remainder when 12869 is divided by 70?
59
What is the remainder when 63439 is divided by 171?
169
Calculate the remainder when 47429 is divided by 11.
8
Calculate the remainder when 1288 is divided by 73.
47
What is the remainder when 29610 is divided by 67?
63
What is the remainder when 40234 is divided by 3645?
139
Calculate the remainder when 270 is divided by 152.
118
Calculate the remainder when 71488 is divided by 61.
57
What is the remainder when 14602 is divided by 2920?
2
What is the remainder when 1803